hat are the prime factors of g(3)?
3, 31, 71
What are the prime factors of (-152)/760*795180/(-4)?
3, 29, 457
Let r = -259 - -261. What are the prime factors of -6*(-439)/33 + r/11?
2, 5
Suppose -8*y = -13*y + 60. Suppose -3245 + 437 = -y*r. What are the prime factors of r?
2, 3, 13
Let d(q) = 1779*q**2 + 42*q - 144. List the prime factors of d(3).
3, 1777
Let r(v) = -2*v**2 - 13*v - 11. Let b be r(-5). Let t(d) be the first derivative of 8*d**2 + d + 2. List the prime factors of t(b).
5, 13
Suppose -48*c = 45 + 3. What are the prime factors of (c*6)/3*10255/(-14)?
5, 293
Suppose o = 2*t + 3*o - 12806, 0 = -2*t - 5*o + 12809. List the prime factors of t.
2, 3, 11, 97
Suppose 0 = -22*i + 27 + 17. Suppose 2*x = -f + 604, x + f - i*f = 299. List the prime factors of x.
7, 43
Let c be 0 + (-22)/(-121) - (-159)/33. Suppose -r - 781 = -c*l + 2729, -3*r = 3*l - 2124. List the prime factors of l.
19, 37
Suppose -6 + 0 = -2*y. Let g(a) = -a**2 + 1 + 1 + 0*a + y*a + 10*a**2. What are the prime factors of g(-3)?
2, 37
Let y(g) = 2*g**2 - 7*g + 8. Let p be y(1). Suppose 12128 = -p*i + 35*i. What are the prime factors of i?
379
Let v(h) = -4*h**2 - 407*h - 33. List the prime factors of v(-10).
3637
Suppose -k - 12 = -7, 4*k = 5*x + 825. What are the prime factors of (-4)/12 - x/3?
2, 7
Let t = 4766 - 3501. List the prime factors of t.
5, 11, 23
Let s be -21 - -9 - 3/(4 - 3). List the prime factors of (-9354)/s + 2/5.
2, 3, 13
Suppose 3*h - n + 62 = -55, 3*n + 156 = -4*h. Let q(m) = -165*m + 1144. Let x be q(6). Let k = x + h. What are the prime factors of k?
5, 23
Let h be 0 - 0 - (0 - 208). Suppose 5 = 5*q - 5*w, -q - 2*w + 7 = -6. Suppose 3*i = -i - 4*p + h, -i + 70 = -q*p. List the prime factors of i.
5, 11
Let o(w) = -25*w + 69. Let x be o(-6). Suppose x = 4*i + 3*j, 4*i - 7*i = -3*j - 180. What are the prime factors of i?
3, 19
Let h(w) be the third derivative of 0*w + 20*w**2 - 1/15*w**6 - 1/10*w**5 + 5/6*w**3 - 1/8*w**4 + 0. What are the prime factors of h(-3)?
2, 11
Let s(h) be the second derivative of -25*h**4/24 - 19*h**3/3 - 5*h**2 + 6*h. Let d(q) be the first derivative of s(q). List the prime factors of d(-5).
3, 29
Let c be -5 - 7828 - (-1 - 2). What are the prime factors of (c/(-150))/((-6)/(-40))?
2, 3, 29
Suppose -2363 = -0*o - o + 3*x, -5*o - 5*x = -11855. Suppose 2*j = o + 179. List the prime factors of j.
2, 7, 13
Let a = -35682 - -7493. List the prime factors of 10/(-35) + a/(-49).
5, 23
Let i = -54161 + 110130. Suppose -13252 + i = 29*b. What are the prime factors of b?
3, 491
Let x be (1 - 22/14)/(2/(-203)). Let h = x - 54. Suppose 42 = -h*f + 5*f. List the prime factors of f.
2, 3, 7
Suppose 6*m + 146 = 2*s + 8*m, 284 = 4*s - 4*m. Let z = s + 317. List the prime factors of z.
389
Suppose -3*v - 7*v = -260. Let c = 28 - v. Let p = 35 - c. What are the prime factors of p?
3, 11
Let y(o) = o**3 - 7*o + 15*o - 9*o**2 + 7*o - 4 + 3*o**3. What are the prime factors of y(4)?
2, 3, 7
Let b(n) = n**3 - 3*n**2 - n + 4. Let v be 28/(-42)*(-9)/2. Let k be b(v). What are the prime factors of (-4 - (18 + k))/(1/(-7))?
7, 23
Let p(k) = -k**3 + 5*k**2 + 2*k - 5. Let n be p(5). Suppose 2880 = 5*b + 3*s - n*s, 4*s = -4*b + 2276. What are the prime factors of b?
2, 7, 41
Let v be 188/(-60) + 3 + 15440/(-75). List the prime factors of 9/6*4 - v.
2, 53
Let s(c) = 2309*c - 10674. What are the prime factors of s(20)?
2, 41, 433
Suppose -3*k = -4*k + 5*k. Suppose 21*w - 3*w - 774 = k. List the prime factors of w.
43
Suppose -5*z + 2*g = -2962, -71*z + 74*z - 2*g = 1778. Let b = -382 + z. What are the prime factors of b?
2, 3, 5, 7
Suppose 4*c = r - c - 24, 0 = 4*r + 5*c + 4. Suppose 22 = 4*d - 3*n, d = -r*n + n - 2. Suppose d*k = 0, 3*k = 4*m + 4*k - 380. List the prime factors of m.
5, 19
Let t(h) = 53*h + 3579. What are the prime factors of t(89)?
2, 17, 61
Let g be (25/(-50))/(1/(-4)). Suppose -g = 9*u + 214. Let w = u + 89. What are the prime factors of w?
5, 13
Suppose -2*q + 0*q + 2*c + 4 = 0, 0 = 2*c + 4. Let m be (3 + q - 0) + 51 + 42. Let l = m - -8. What are the prime factors of l?
2, 13
Let b = 3950 - 1605. What are the prime factors of b?
5, 7, 67
Suppose -3*t + c + 142 - 4 = 0, 3*t + c = 138. Let g = 97 - t. List the prime factors of g.
3, 17
Let j = 125092 - 79255. List the prime factors of j.
3, 11, 463
Suppose 0 = d - 0*d - 3*d. Suppose -5*k - 10 + d = 0. What are the prime factors of (1111/(-33))/((-2)/((-12)/k))?
101
Suppose 29*c - 22*c - 28 = 0. Suppose 1460 = -g + 5*g - 4*v, -1462 = -c*g + 3*v. What are the prime factors of g?
367
Suppose 9*i - 14*i + 605 = 5*v, -2*v + 5*i + 214 = 0. Let q = v - 105. What are the prime factors of q?
2, 3
Let z = -470 - -470. Suppose 22*x + 1190 - 5326 = z. List the prime factors of x.
2, 47
Let l(b) = 13*b**2 + 5*b - 1. Let x be l(4). Suppose 14*g + x = 2047. Suppose -11*s = 2*s - g. What are the prime factors of s?
2, 5
Let t = -163 - -751. Let x = -3991 + 3996. Suppose -x*q + 9*q - t = 0. What are the prime factors of q?
3, 7
Let h(a) = -8*a**3 + 6*a**2 + 4*a - 6. Let w be h(9). List the prime factors of w/(-8)*(-10)/(-15).
443
Suppose -3*c + 23 = t, -2*t + 0*t - 17 = -3*c. Suppose -c*o + u = -4*o - 38, 2*u + 16 = o. What are the prime factors of o?
2, 3
Suppose 7*w = 5*w - 88. Let n = w - -16. Let p = n - -31. List the prime factors of p.
3
Let a(t) = -t**3 - 3*t**2 + 7*t. Let m be a(-5). Suppose 0*s + s - 75 = -2*x, x = 4*s - 255. Let b = s + m. What are the prime factors of b?
2, 5
Let v(a) = a**3 - 7*a**2 - 2*a - 2. Let z be v(5). Let d = z + -178. Let f = 392 + d. List the prime factors of f.
2, 19
Let p be -24 - ((8 - 4) + -1). Let x(a) = a**3 + 26*a**2 - 42*a - 31. List the prime factors of x(p).
2, 11, 17
Let d(w) = -18*w + 49*w + w**2 - 17 - 24*w. Let r be d(-8). What are the prime factors of (540/42)/(r/(-42))?
2, 3, 5
Suppose -3*d + 2*x = -7*d + 24, -2*d + 5*x - 12 = 0. Suppose -38 = 2*l - d*g - 2, 5*l = 4*g - 72. Let v = 12 - l. What are the prime factors of v?
2, 3
List the prime factors of ((-10)/(-4) - ((-160460)/(-24) - 9))*-6.
2, 20023
Let y(u) = 47110*u**2 + 5*u - 7. Let l be y(1). Suppose 6835 = -23*t + l. List the prime factors of t.
17, 103
What are the prime factors of ((-57)/(-4))/(24 - (-165876)/(-6912))?
2, 3, 19
Let c be ((-1)/2 - (-2)/(-4))*-613. Suppose k = 2*i - 723 - 518, 2*k = -i + c. List the prime factors of i.
619
Let a be 6/(-42)*-7 + (-1 - -8014). Suppose 11*c + 204 - a = 0. What are the prime factors of c?
2, 5, 71
List the prime factors of (0 - ((-21)/(-6) + -5))/((-18)/(-71544)).
2, 11, 271
Let u(o) = -o**3 - 17*o**2 + 7*o - 5. Let y be u(-17). Let i be y/20 - 2/(-10). List the prime factors of 87/2*(-8)/i.
2, 29
Let c(y) = 2*y**2 + 23*y + 66. Let z be c(-7). List the prime factors of (2 + z)*(27 + -12).
3, 5
Suppose -6*h = -7*h + 3*b - 7, 0 = 4*h + b - 37. Suppose 10188 = h*x + 4*x. What are the prime factors of x?
3, 283
Let b(q) = -2 + 2*q + 8 + 2*q - 3. Let t be b(6). Suppose 0 = 2*l + 5*p - t, -4*l = -7*l - 2*p + 68. What are the prime factors of l?
2, 13
Let j be 2295/595 - 1/(-7). Suppose -757 = -d + 4*b, -b = -j*d + 1080 + 1993. What are the prime factors of d?
769
Let g = -1621 + 2601. List the prime factors of g + 6 + -7 + 5.
2, 3, 41
Suppose 3*w = -9, w + 2 = a - 4. Suppose p - 5*z = 239, -717 = -a*p - 3*z + z. List the prime factors of p.
239
Let q(a) be the first derivative of -15*a**2/2 - 13*a + 55. Let r be 6/21 + (-204)/28. List the prime factors of q(r).
2, 23
Let l = -29606 + 47777. List the prime factors of l.
3, 673
Suppose v + 5*g = -0*g + 13, -4*g = 5*v - 44. Let d be v/(-28) - 3714/(-14). Suppose a = -4*a + d. What are the prime factors of a?
53
Let w = -51 + 62. Let f(l) = -l**2 + 11*l + 5. Let b be f(w). Suppose 6*m - 97 = b*m. List the prime factors of m.
97
List the prime factors of -119*-4*2034/168.
3, 17, 113
Suppose 4*l - 17852 = 4*m, -2 = 4*m - 22. List the prime factors of l.
2, 1117
Suppose c = -4, 2*o + 23*c = 21*c - 2. Suppose 5*i = -z + 1043, -1041 = -z - 0*i - o*i. What are the prime factors of z?
2, 3, 173
Let b(f) = -21*f**3 + 25*f**2 + 27*f + 50. What are the prime factors of b(-12)?
2, 29, 683
Suppose 0 = 13*v - 17 - 22. Suppose 0 = v*m - 5*g - 3389, 2*m - 14*g = -9*g + 2266. What are the prime factors of m?
1123
Supp